tor of l and 36?
12
Let b(t) be the third derivative of t**5/2 - t**4/24 + t**3/6 + t**2. Let d be b(1). Suppose -3*q = -27 - d. What is the greatest common divisor of q and 209?
19
Let z = 6 + -11. Let y(o) = 9*o**2 - 4*o - 6. Let t be y(z). Let a = -158 + t. Calculate the greatest common divisor of a and 9.
9
Suppose 4*o + 12 = 0, -7*o - 4 = 5*p - 4*o. Suppose 0 = -4*c - 7 + 23. What is the highest common factor of c and p?
1
Let j(r) = r**2 - 5*r + 4. Let y be j(4). Suppose -c + 4 = 1. Suppose c*p = -y*p + 3. What is the greatest common divisor of p and 3?
1
Let m be -2 + (-11)/(-5) - (-44)/5. Calculate the highest common factor of 6 and m.
3
Let b be -5 - (-2 + -19) - -5. Suppose 12 = v + p - 6*p, -v = 5*p - 2. Calculate the greatest common divisor of b and v.
7
Suppose -j - 1 + 3 = 0. Suppose -j*z = -95 - 9. Calculate the greatest common factor of z and 26.
26
Suppose 32 = -3*w + 44. What is the highest common divisor of w and 12?
4
Suppose -3*l = -2*y + 74, 0 = y + 5 - 0. Let x be 120/l - 2/(-7). Let g be (-2)/(-1 + (-2)/x). Calculate the greatest common factor of g and 32.
4
Let t be 82/(-10) - (-2)/10. Let x = t + 29. Suppose 3*i = -6, 5*d - 2*i = 3*i + 80. What is the greatest common divisor of d and x?
7
Let i be ((-4)/(-8)*-2)/((-1)/3). What is the greatest common divisor of 21 and i?
3
Let j be ((-6)/(-4))/(6/80). Let s = j - 14. What is the greatest common factor of s and 54?
6
Suppose 0 = -5*u + 70 + 25. Let i be 2/(-4)*3*6. Let k = u + i. What is the greatest common divisor of k and 110?
10
Let f be 1 + 2/(2/(-125)). Let p be 2/(-3) + f/(-6). Let i = 34 - -26. Calculate the highest common divisor of p and i.
20
Let k be 415/20 + (-3)/4. Calculate the highest common factor of k and 5.
5
Suppose 0 = c - 0*c - 38. Suppose 2 = -4*g + c. Calculate the greatest common factor of g and 81.
9
Suppose -3 = 3*q - 9. Calculate the greatest common factor of 5 and q.
1
Suppose 14*w = 5*w + 216. What is the greatest common factor of w and 8?
8
Let a be 10/(-15) + 3/(27/501). Calculate the greatest common divisor of 165 and a.
55
Let n be (-2)/(-4)*-6 - -84. Let i = n - 57. Calculate the greatest common factor of 6 and i.
6
Let u be (-4 + (-1 - -2))*-2. Let v be 5 - (8 + -5)*(1 + 0). What is the greatest common factor of v and u?
2
Let z(b) = -2 - 2 + 0 - 9*b + 2*b**2. Let v = -8 + 17. Let h be z(v). Calculate the highest common factor of 11 and h.
11
Let i(v) = v**2 + 13*v + 77. Let s be i(-22). Let o be 26 - (-1 + 2*1). Calculate the greatest common divisor of s and o.
25
Suppose 0 = o - 0*o. Suppose c - 7 = p, o = 5*c - p + 4*p - 27. Let v(h) = -2*h**2 - 20*h - 6. Let a be v(-4). Calculate the highest common divisor of c and a.
6
Let w(d) = -d**3 + d**2 + 6*d - 3. Let j be w(2). Calculate the highest common factor of 55 and j.
5
Let j be 4/28*-6*-21. Let t be j/(-15)*5/(-2). What is the greatest common divisor of 27 and t?
3
Suppose 25 - 5 = 5*m. Let v be 2030/28 + (-2)/m. What is the highest common factor of v and 8?
8
Suppose 5*w - 548 = -3*p - 1780, -w = p + 248. Let j = 352 + w. Calculate the greatest common factor of j and 12.
12
Let h = 20 + -6. Calculate the greatest common factor of h and 21.
7
Let i be 12/(-10)*(-3 + -12). Let g be 112/i - 2/9. Suppose 4*z - 100 = y + 89, -5*y - 225 = -5*z. Calculate the highest common divisor of g and z.
6
Suppose 4*w - 63 = -3*m, m = -2*w - 1 + 32. What is the highest common divisor of w and 20?
5
Suppose -1 - 11 = -3*u. Suppose 2 = -4*c + 130. What is the highest common factor of c and u?
4
Suppose -3*u + 22 = -5*g, -2*u + 2*g - 3*g = -32. Suppose -5*l + 3*k = -2*k - 40, -3*l = -k - u. Calculate the greatest common divisor of 24 and l.
3
Suppose b - 56 = -3*b. What is the greatest common divisor of 2 and b?
2
Let c be ((-84)/(-48))/(1/16). Let l = 58 - c. What is the highest common factor of l and 3?
3
Let o = -10 + 16. Suppose -2*v + 4*v + o = 0. Let f(r) = -20*r. Let h be f(v). What is the greatest common factor of 12 and h?
12
Suppose 4*t + 0 + 12 = 0, 4*t = 5*o - 97. Suppose 2*b - 5*b = -51. What is the greatest common factor of o and b?
17
Let u(n) = 2*n**2 + 6*n - 8. Let p be u(-7). Suppose 5*q = -2*b + p, 2*q - 5 - 14 = -b. What is the greatest common divisor of 25 and q?
5
Let q be ((-9)/9)/(1/(-200)). Calculate the highest common factor of q and 20.
20
Suppose -163 = -5*n + 7. What is the greatest common factor of 85 and n?
17
Let m(t) = 4*t**2 + 2*t - 2. Let y be 7*(0/(-2) - -1). Suppose y*p - 10 = 12*p. Let c be m(p). What is the highest common divisor of c and 2?
2
Let j be (-1)/((0 - -1)*1). Let p(c) = -48*c + 1. Let s be p(j). Calculate the greatest common factor of 7 and s.
7
Let u = 4 - 0. What is the highest common divisor of 40 and u?
4
Let k be 444/6 + (-1)/(-1). Suppose 3*o + 10 - 1 = 0. Let h be (-30)/(3 - (2 - o)). What is the greatest common divisor of h and k?
15
Let p = -3 + 5. Let c be p/7 + 47/7. Let q be 3/(-2)*14/(-21). Calculate the greatest common divisor of c and q.
1
Let l(m) = 2*m - 3. Let w be l(3). Suppose -5*c + 26 = 5*u - 19, u + w = 0. Calculate the highest common factor of c and 24.
12
Suppose -5*c - 8 = -53. What is the greatest common factor of 18 and c?
9
Let d(b) = -b**3 - 4*b**2 + 20*b + 7. Let s be d(-7). Calculate the highest common factor of s and 112.
14
Let w = 54 - -27. Calculate the highest common factor of w and 54.
27
Suppose 3*j - 2*q = -4*q + 27, 31 = 4*j + q. Let d(f) = f**2 - 6*f - 6. Let r be d(-5). Calculate the highest common divisor of j and r.
7
Let w(b) = b**3 - 5*b**2 - 2*b + 1. Let a be w(6). Let v = -17 + a. Let c = 22 - v. Calculate the highest common factor of 35 and c.
7
Suppose -42 = -3*x - 9. Calculate the greatest common divisor of x and 99.
11
Let i be (-1 + -6)*(-10)/35. Calculate the greatest common divisor of 4 and i.
2
Let g(o) = 21*o + 20. Let c be g(4). What is the greatest common divisor of 26 and c?
26
Suppose -36*z = -32*z - 28. What is the highest common factor of 7 and z?
7
Suppose -5*p + 229 = -96. What is the greatest common factor of p and 26?
13
Suppose -200 = -5*j - 20. Suppose 3*u = 35 - 8. Calculate the highest common factor of u and j.
9
Let u(j) = 11*j + 80. Let w be u(-6). What is the highest common divisor of 2 and w?
2
Let p(g) = -11*g - 2. Let j be p(-6). Calculate the greatest common factor of 16 and j.
16
Suppose 5*s = 5*b + 80, -4*b + 13 = -7. Suppose 4*y = -4*t - 4, 6*t = y + t - 23. What is the highest common factor of s and y?
3
Let m(a) = a**2 - 9*a + 7. Let c be m(10). Suppose -s = -4*y + 40 + c, -2*y = s - 27. Calculate the greatest common factor of 70 and y.
14
Suppose -2*c - 3*c = -4*d - 316, 65 = c + d. Let i = -32 + c. Calculate the highest common divisor of 8 and i.
8
Let a(j) = j**3 - 3*j - 1. Let m = 3 + 0. Let g be a(m). Calculate the highest common factor of g and 17.
17
Let v be ((-7)/21)/(2/42). Let l = v - -14. Calculate the highest common divisor of 63 and l.
7
Let l(m) = 2*m - 5. Let h be l(4). Let j(b) = 2*b**2 + 5*b - 3*b - 4 - h + 3. Let f be j(3). What is the highest common factor of f and 40?
20
Let t = -104 + 116. What is the greatest common factor of 12 and t?
12
Let c(p) = 2*p**2 - 4. Let z be c(2). Calculate the greatest common divisor of z and 4.
4
Suppose -k + 4 - 7 = 0. Let u be (1 + 7/k)*-9. Calculate the highest common divisor of 6 and u.
6
Let h(j) = 2*j**3 - 2*j**2 - 1. Let q = -9 + 11. Let t be h(q). What is the highest common factor of t and 63?
7
Let s(y) = -43*y**3 + y. Let x be s(-1). What is the highest common factor of 14 and x?
14
Let f be (-1)/(-4) - 6092/(-16). Let x = f - 127. Suppose 229 = 3*b - x. Calculate the highest common divisor of 23 and b.
23
Let x = -2 + 5. Suppose -6 = x*m, 0*m + m = 3*o + 4. Let r be ((-2)/(-3))/(o/(-12)). Calculate the highest common factor of 28 and r.
4
Let z be (3/(-6))/((-9)/18). What is the greatest common divisor of 3 and z?
1
Suppose 3*b - 2*z = -0*b + 992, -b + 324 = z. What is the greatest common divisor of 41 and b?
41
Let i = 92 - 64. What is the greatest common factor of 70 and i?
14
Let m(a) = 8*a + 15*a + 54*a. Let z be m(1). Let j(h) = h**2 + 11. Let k be j(0). Calculate the highest common divisor of z and k.
11
Let m(x) = x**3 + 10*x**2 + 6. Let v be m(-10). Let i be 60 + (-5)/(10/v). What is the grea